Suppose -h*a = d - 22, -2*d - 2*a = a - 37. What is the units digit of d?
7
Suppose -s - 19 + 45 = 0. Suppose 3*h + s = 5*h - 4*t, 51 = 5*h - 3*t. What is the units digit of h?
9
Let p(j) be the first derivative of -3*j**2 - j + 1. What is the units digit of p(-2)?
1
Suppose 217 = 17*d - 1245. What is the tens digit of d?
8
Let j = 46 - 26. Suppose 4*s - 52 = -3*x + 37, -3*x = s - j. What is the units digit of s?
3
Let v = -29 + 21. Let z(h) = -5*h - 17. What is the units digit of z(v)?
3
Suppose -41 = -5*y + 59. What is the units digit of y?
0
What is the units digit of (-169)/(-2) - 15/(-30)?
5
Suppose -2*p = 5*n + 13, -p - 4*n = 4*p - 10. Suppose p*c = c + 15. What is the units digit of (-1)/(-2*c/6)?
1
Let q be 12/7 - (-2)/7. Suppose 0 = o, 4*v - o = q*o + 36. Let f(m) = m**2 - 9*m + 13. What is the units digit of f(v)?
3
Let b(c) = c. Let v be b(6). Suppose 8*j = 32 + 56. Let i = j + v. What is the tens digit of i?
1
Let q(v) = 9 - v**3 + 0 + 7*v**2 - 2 + v. Suppose 6 = m - s, -m + 2 = 3*s - 8. What is the units digit of q(m)?
4
Suppose -2*q = 5*f - 229, -5*q + f = -206 - 299. What is the units digit of q?
2
Suppose 4 = 2*x - 2. Suppose 2*y + x = 93. What is the tens digit of y?
4
Suppose -5*y + 3*k = -10*y + 20, 4*k - 19 = y. What is the units digit of y - (3 + -5 + 2)?
1
What is the units digit of (-69)/(-2) + (-3)/2?
3
Let i(u) = 2*u**3 - 15*u**2 - 7*u + 2. What is the units digit of i(8)?
0
Let y(n) = -5*n + 4. Let f be y(3). What is the tens digit of (5 - 1)*f/(-4)?
1
Suppose 2*s = -s + 15. Let q = s + -2. What is the units digit of q?
3
Let n(f) = f**3 - 2*f**2 - 5*f - 2. Let c be n(4). What is the units digit of (-4)/c + (-81)/(-15)?
5
Suppose -z + 4*z - 3 = 0, 0 = -k - 3*z + 8. Let p be k + (-1 - 0/(-2)). Suppose -4 - p = -4*c. What is the units digit of c?
2
Let l(k) = k + 6. Let g be l(0). Let c(i) = i**2 - 6*i - 3. Let d be c(g). What is the units digit of ((-2)/3)/(1/d)?
2
Suppose -r = -2*u + 2*r + 184, 4*r + 188 = 2*u. What is the units digit of (-5)/25 - u/(-5)?
7
Let j = -168 + 91. Let s = -49 - j. What is the units digit of s?
8
Let z(d) be the second derivative of -d**3/6 - 7*d**2/2 + 2*d. Let o be z(-3). What is the units digit of o/10 + (-32)/(-5)?
6
Let k(v) be the first derivative of v**2 - 9*v - 4. Let r be k(6). Suppose 0*l - 12 = -r*l. What is the units digit of l?
4
Suppose -2*k + 8 = -4*x, 0 = -2*k + 2*x - 0*x - 2. Suppose 4*p - 18 = 5*g + 12, -4*p + 20 = 0. What is the units digit of ((-15)/k)/(g/(-4))?
5
Let r(j) = j**2 + 5*j + 4. Let b be r(-4). Suppose 36 = 3*h - b*h. What is the units digit of h?
2
Let p be (11/(-4))/((-1)/8). What is the tens digit of 800/44 - 4/p?
1
Let u(q) = 0 + 5*q + 6 - 2 - 4*q. Let d be u(0). Suppose o = d*o - 33. What is the tens digit of o?
1
Let d(t) = 8*t - 2. What is the tens digit of d(7)?
5
Let q(p) = 11*p - 8. Let b be q(9). Suppose 2*n + b = 5*n + 4*j, -n + j + 21 = 0. What is the units digit of n?
5
Suppose 2*x - 4 = -x + 4*r, -2 = -x + 2*r. Suppose x*f - 20 = -4*f. What is the units digit of f?
5
Let k = 11 - 3. Let y = 16 - k. Suppose y + 4 = 3*s. What is the units digit of s?
4
Suppose -4*u = -2*g - 2*g + 68, 2*u = -6. What is the tens digit of g?
1
Let w(g) = g**3 - 10*g**2 - 22*g + 14. What is the units digit of w(12)?
8
Suppose -38 + 8 = -q. Let p = 5 + 1. What is the units digit of 35/q - 1/p?
1
Suppose -z + 6*z = 330. What is the units digit of (-9)/(-6) + z/4?
8
Let g = -54 - -75. What is the units digit of g?
1
Let q = -103 + 147. What is the tens digit of q?
4
Let j(x) be the third derivative of x**6/120 - 7*x**5/60 + x**4/4 + 7*x**3/6 - 3*x**2. What is the units digit of j(6)?
7
Let v = 90 - 22. What is the tens digit of v?
6
What is the tens digit of (-374)/(-12) - 15/90?
3
Let z be (-9 - -8)*1*2. Let a = z - -19. What is the tens digit of a?
1
What is the units digit of (-6)/(-2)*(-112)/(-24)?
4
Let g(u) = -u**3 + 4*u**2 - 2*u + 6. Let c be g(4). What is the tens digit of 3*c - -4 - -23?
2
Let m = 1 - 0. Suppose m = -b + 3. Suppose -29 = -b*y + 3. What is the units digit of y?
6
Let r(h) = h**2 - 4. Let o be r(3). Suppose -k - d + 13 = k, -k + o*d = -34. Let u = 7 + k. What is the tens digit of u?
1
Let q = -79 + 131. What is the tens digit of q?
5
Let q be (-3)/(-1) - (3 + -6). Let k(x) = -2*x + 3. Let v be k(q). What is the units digit of (-3)/v - 11/(-3)?
4
Suppose 7*x - 2*x - n = 43, -39 = -3*x + 5*n. Suppose f + f - x = 0. Suppose -48 = -f*q - 0*q. What is the units digit of q?
2
Let d = -6 + 212. What is the tens digit of d?
0
Let o(t) = -4 + 0 + 2 + t + 4. What is the units digit of o(6)?
8
Let q = 0 - -2. Suppose 3*i + q*i - 73 = w, i - 19 = -2*w. What is the units digit of i?
5
Suppose -112 = -4*i + 2*w + 2*w, 0 = -5*w - 15. What is the tens digit of i?
2
Suppose 4 = -5*b + 14. Suppose -3*h = h - b*r - 4, 3*r = 3*h. What is the units digit of -3 + 5 - -15 - h?
5
Let n(o) be the second derivative of -o**4/12 + o**3/2 + o**2/2 - 3*o. Let w be n(3). Suppose f = 5 - w. What is the units digit of f?
4
Let l(z) be the third derivative of -1/12*z**4 + 2*z**2 + 0 + 0*z + 1/30*z**5 - 1/2*z**3. What is the units digit of l(-2)?
9
Let a = -39 - -44. What is the units digit of a?
5
Let x = 46 + -39. What is the units digit of x?
7
Suppose 0 = -3*w - 4*i + 142, w + 0*i + 4*i - 58 = 0. What is the tens digit of w?
4
Let d be (2 - -2)/(-2*1). What is the tens digit of 3/d - 66/(-4)?
1
Let k be 3/(-3 + (-216)/(-70)). Suppose 5*x - k = 10. What is the units digit of x?
9
Let s(f) = 7*f**3 - f**2 - 2*f + 1. What is the tens digit of s(2)?
4
Suppose 10*k - 8*k + 6 = 0. Let b = 2 - 4. What is the units digit of 10 - (b + 2 - k)?
7
What is the units digit of (-1 + 5/25)/((-1)/10)?
8
Let g(h) = 2*h**2 - 6*h. Suppose -2*n - 4 + 14 = 0. Let p be g(n). What is the units digit of (-2)/(-4)*1*p?
0
Let q = 11 - 7. Suppose q*b = 5*b + 3. Let t(d) = -3*d + 4. What is the units digit of t(b)?
3
Suppose -3*y - 3 = -6*y. Let h be (0 - y)/(2/(-10)). Suppose h*s + 3 = 8. What is the units digit of s?
1
Suppose o - 69 = 11. Suppose 3*a = 13 + o. What is the units digit of a?
1
Let i be 3 + (-39)/(-1) + -3. Suppose 0*g = 3*g - i. What is the units digit of g?
3
Suppose 18*u - 352 = 14*u. What is the units digit of u?
8
Let z = 4 + 2. Let t = z - -11. What is the tens digit of t?
1
Suppose -4*c - 4 + 24 = 0. Suppose c*m - s - 157 = m, 0 = m - 5*s - 44. What is the units digit of m?
9
Let f = -20 + 24. Suppose h - 49 = f*q + q, 3*h - 3*q - 87 = 0. What is the units digit of h?
4
Let v = 8 - 18. Let j = 6 + v. What is the units digit of (-2)/j + (-45)/(-10)?
5
Let k(v) = 47*v + 29. Let p(a) = 16*a + 10. Let i(g) = -6*k(g) + 17*p(g). What is the units digit of i(-5)?
6
Suppose -5*u + 5*b + 70 = 0, -2*b = 5*u - 47 - 37. Let k = u + -7. What is the units digit of k?
9
Let o(j) be the first derivative of -j**2/2 + 7*j + 3. What is the tens digit of o(-8)?
1
Let g = 48 + -3. What is the tens digit of g?
4
Let n(o) = o**3 - 27*o**2 + 31*o - 29. What is the tens digit of n(26)?
0
Let q be -1*2 + 7 + -2. Suppose -3*v + 5*o + 15 = 0, 0 = -5*v - q*o + 78 - 19. Suppose -5 - v = -2*y + b, y + 3*b - 11 = 0. What is the units digit of y?
8
Let m = 80 + -48. Let y = m + -19. What is the tens digit of y?
1
Let w(x) = -x - 1. Let i be w(-4). Let m(d) = i + d**2 - 4*d**2 - 5*d + 2*d**2. What is the units digit of m(-5)?
3
Suppose -j - 3 = 0, -37 = w - 0*w - 3*j. Let h = 79 + w. What is the tens digit of h?
3
Let q be (-2)/10 - (-74)/(-5). Let h be 8/(-3)*q/10. What is the units digit of 24/(-9)*(-6)/h?
4
What is the tens digit of 14/49 - 393/(-21)?
1
Suppose 0 = 3*f + 4 - 46. Let v = f + -4. What is the units digit of v?
0
Let b be 124/(-8)*2*-3. Suppose -h - b = -4*h. What is the units digit of h?
1
Let w be 1*9*(-3 + 4). What is the units digit of (1/4)/(w/36)?
1
Suppose 3*p - 11 = -2*i, 0 = -3*p - 5*i - 1 + 6. Suppose 0*h = -4*h. Suppose p*o + q - 3*q - 72 = h, 44 = 3*o - q. What is the units digit of o?
6
Suppose 14*k = 15*k - 90. What is the tens digit of k?
9
What is the units digit of 384/10 + (8/5 - 2)?
8
Let i be -2 + 1 + (2 - -1). Suppose -i*a = -0*a - 26. What is the tens digit of a?
1
Let a(c) = 2*c**2 - 9*c - 15. What is the tens digit of a(-5)?
8
Let q(m) = 3*m**2 - 7*m + 1. Let a be q(-6).